9074*h + 26. Calculate s(33).
-7
Let t(x) = -5*x - 215. Determine t(8).
-255
Let w(q) = -q**3 + 30*q**2 + 19*q + 406. Calculate w(31).
34
Let p(f) = f**3 - 36*f**2 + 24*f + 395. Determine p(35).
10
Let n(b) = 185*b + 114. Calculate n(-1).
-71
Let j(n) = -n**3 - 8*n**2 - 22*n - 9. What is j(-6)?
51
Let x(i) = 2*i**3 + 57*i**2 + 78*i - 107. Calculate x(-27).
-26
Let x(h) = 2*h**2 - 100*h + 1092. What is x(16)?
4
Let k(m) = m**2 + 142*m + 4999. Calculate k(-78).
7
Let n(b) = 2*b**3 - 10*b**2 + 22*b - 1. Give n(3).
29
Let h(x) = -x**3 - 18*x**2 + 35*x - 54. Calculate h(-19).
-358
Let f(o) = -o**2 + 910*o - 28940. What is f(33)?
1
Let m(u) = -3*u**3 + 104*u**2 + 151*u. Determine m(36).
252
Let m(u) = -u**2 - 185*u - 1800. Determine m(-10).
-50
Let n(w) = w**3 - 36*w**2 + 64*w - 82. Give n(34).
-218
Let n(r) = 3*r - 15. What is n(7)?
6
Let b(f) = f**2 + 68*f + 551. Give b(-58).
-29
Let b(a) = 484*a + 15482. Calculate b(-32).
-6
Let p(h) = -571*h + 2894. Give p(5).
39
Let x(u) = -u**3 + 9*u**2 - 239*u + 2875. Give x(11).
4
Let p(h) = -h**2 - 26*h + 214. Give p(10).
-146
Let j(q) = -4*q + 80. Give j(8).
48
Let c(a) = 27*a + 124. Give c(-10).
-146
Let t(o) = -o**3 - 15*o**2 + 7*o + 49. Give t(-14).
-245
Let k(n) = -66*n - 655. What is k(-5)?
-325
Let z(a) = -2*a**3 + 5*a**2 - 84*a + 378. Determine z(4).
-6
Let k(p) = 97*p + 7237. What is k(-75)?
-38
Let x(w) = -198*w + 824. Give x(6).
-364
Let f(k) = -k**2 - 162*k + 3635. Give f(20).
-5
Let i(u) = -3*u**3 - 14*u**2 + 215*u + 551. What is i(-10)?
1
Let x(c) = -3*c**2 - 44*c - 240. Calculate x(-10).
-100
Let g(h) = -h**2 - 869*h - 11136. Calculate g(-13).
-8
Let c(p) = p**3 - 14*p**2 + 61*p - 30. Determine c(7).
54
Let l(a) = 4*a**2 + 53*a - 639. Give l(-21).
12
Let y(p) = -3*p**3 - 103*p**2 + 66*p - 209. What is y(-35)?
-69
Let r(n) = 2*n**3 - 4*n**2 + 13*n - 29. What is r(2)?
-3
Let h(v) = v**2 + 32*v + 17. Give h(-31).
-14
Let v(x) = 102*x**2 - 601*x - 11. Give v(6).
55
Let v(b) = 10*b + 179. Give v(-16).
19
Let m(v) = -172*v + 2330. Determine m(14).
-78
Let b(g) = 5*g**2 + 64*g + 9. Give b(-9).
-162
Let n(y) = -91*y - 325. What is n(-5)?
130
Let g(z) = -263*z - 749. Determine g(-3).
40
Let r(j) = j**3 + 1604*j**2 + 4803*j - 7. What is r(-3)?
-7
Let l(x) = -42*x + 4908. What is l(118)?
-48
Let m(f) = 4*f**3 - f**2 + 3*f + 3. Give m(-2).
-39
Let q(b) = -183*b - 2949. Give q(-16).
-21
Let x(g) = 66*g - 414. Give x(8).
114
Let y(f) = -f**3 + 193*f**2 + 162*f + 6205. Give y(194).
-3
Let v(l) = -13*l**2 - 14*l - 2. What is v(1)?
-29
Let i(p) = 9*p**2 - 198*p - 450. Determine i(24).
-18
Let w(k) = k**3 - 15*k**2 - 7*k - 19. Determine w(9).
-568
Let x(b) = -b**2 - 23*b + 2. Give x(-14).
128
Let c(x) = x**3 - 22*x**2 + 63*x + 138. Calculate c(18).
-24
Let q(n) = -n**2 - 63*n + 235. What is q(-64)?
171
Let y(l) = -182*l - 8195. What is y(-45)?
-5
Let z(a) = -23*a**2 - 66*a + 37. Determine z(-4).
-67
Let a(r) = 25*r + 110. Calculate a(-4).
10
Let q(s) = s**3 - 43*s**2 - 13*s + 537. Give q(43).
-22
Let z(i) = i**3 + 46*i**2 + 67*i + 980. What is z(-45)?
-10
Let p(b) = 1271*b + 7564. Calculate p(-6).
-62
Let v(x) = 154*x + 5829. Determine v(-37).
131
Let d(z) = -1373*z + 10946. Give d(8).
-38
Let b(w) = -333*w - 9665. Determine b(-29).
-8
Let p(k) = -k**3 + 19*k**2 + 37*k - 101. Give p(21).
-206
Let n(q) = -67*q**3 + 2*q**2 - 2*q - 4. Determine n(-1).
67
Let m(s) = s**3 + 52*s**2 - 43*s + 111. Calculate m(-53).
-419
Let w(r) = 3*r**2 - 12*r - 16. What is w(-6)?
164
Let v(o) = -o**3 + 16*o**2 - 27*o + 181. Determine v(15).
1
Let w(s) = 11*s**2 - 18*s + 30. What is w(2)?
38
Let v(w) = -34*w - 247. Determine v(-3).
-145
Let s(g) = -19*g**3 - 2*g**2 + g + 4. What is s(-1)?
20
Let g(p) = p**3 - 4*p**2 - 75*p - 5. Give g(-7).
-19
Let u(l) = 166*l + 14294. Calculate u(-86).
18
Let n(z) = -3*z**3 + 2*z**2 + 50*z - 138. Give n(3).
-51
Let o(h) = -2*h**3 + 5*h**2 + 22*h + 41. What is o(8)?
-487
Let c(v) = 24*v + 459. Give c(-19).
3
Let j(d) = -3*d**2 - 21*d + 102. Determine j(0).
102
Let w(y) = -y - 18. Calculate w(-22).
4
Let q(g) = 63*g**3 - 9*g**2 - 26*g + 36. Give q(1).
64
Let h(i) = -36*i + 128. Calculate h(7).
-124
Let d(l) = 14*l + 361. Calculate d(-26).
-3
Let p(y) = 24*y + 742. Determine p(-19).
286
Let a(i) = i**3 + 89*i**2 + 174*i - 39. Give a(-87).
-39
Let h(i) = i**3 - 22*i**2 - 48*i - 4. Calculate h(-4).
-228
Let f(q) = 8*q**2 - 70*q + 7. Determine f(8).
-41
Let a(s) = -15*s - 472. Determine a(-33).
23
Let q(d) = -13*d**3 + 7*d**2 - d - 11. Calculate q(-2).
123
Let f(n) = 48*n + 379. What is f(-15)?
-341
Let q(v) = 3*v**3 + 56*v**2 - 8*v + 217. Give q(-19).
8
Let s(m) = -m**3 + 52*m**2 + 57*m - 297. What is s(53)?
-85
Let s(v) = -6270*v + 6265. What is s(1)?
-5
Let d(m) = -2*m**2 + 47*m + 630. Calculate d(33).
3
Let c(q) = q**2 + 28*q - 323. What is c(9)?
10
Let m(x) = x**3 - 5*x**2 - 12*x - 28. Calculate m(0).
-28
Let b(i) = 2*i**2 - 9*i - 18. Determine b(-3).
27
Let c(o) = -5*o**2 + 13*o - 34. Calculate c(4).
-62
Let i(d) = d**3 - 10*d**2 + 33*d - 208. Determine i(9).
8
Let b(v) = 107*v - 267. What is b(3)?
54
Let t(j) = -51*j - 3298. Determine t(-65).
17
Let r(i) = -9*i + 887. Calculate r(67).
284
Let k(o) = o**2 + 36*o + 77. Determine k(-34).
9
Let q(f) = f**3 + 33*f**2 - 405*f - 14055. Give q(-32).
-71
Let s(n) = -143*n - 1411. Give s(-10).
19
Let g(t) = -363*t - 76962. Calculate g(-212).
-6
Let g(f) = 2*f**2 - 39*f + 244. Calculate g(12).
64
Let y(r) = -909*r + 14499. Calculate y(16).
-45
Let j(p) = p**2 + 54*p - 3992. Calculate j(42).
40
Let r(a) = -11*a - 349. Calculate r(-32).
3
Let j(r) = -r**3 + 36*r**2 + r - 140. Give j(36).
-104
Let z(v) = -v**3 - 23*v**2 - 27*v + 308. Determine z(-21).
-7
Let b(a) = -7*a**2 - 58*a - 16. Determine b(-10).
-136
Let n(r) = r**3 + 9*r**2 + 31*r - 7. What is n(-6)?
-85
Let g(j) = 3916*j + 7824. Determine g(-2).
-8
Let j(f) = -f**3 - 12*f**2 - 34*f + 19. What is j(-7)?
12
Let j(q) = -q**2 + 22*q + 82. Calculate j(-9).
-197
Let n(z) = -z**3 - 10*z**2 - z - 12. Give n(5).
-392
Let o(p) = 3*p**2 - 146*p + 230. Determine o(47).
-5
Let b(v) = 31*v**3 + 2*v**2 + 123*v + 382. Determine b(-3).
-806
Let m(z) = -667*z + 670. Give m(1).
3
Let n(l) = l**2 - 166*l - 697. Determine n(-4).
-17
Let v(f) = -2*f**3 + 20*f**2 - 16*f + 136. Determine v(9).
154
Let h(u) = -66*u - 1919. Determine h(-29).
-5
Let i(b) = -b**2 - 27*b + 4. What is i(-29)?
-54
Let q(n) = n**3 + 25*n**2 - 118*n - 20. Calculate q(-29).
38
Let y(g) = 7*g**2 - 615*g - 709. What is y(89)?
3
Let c(u) = -u**3 + 18*u**2 - 41*u - 59. Calculate c(15).
1
Let l(i) = i**3 - 19*i**2 + 58*i - 136. Give l(16).
24
Let v(o) = o**2 + 93*o + 190. Calculate v(-2).
8
Let l(k) = 8*k**2 + 8*k + 10. Calculate l(-3).
58
Let r(z) = -1605*z - 43329. Determine r(-27).
6
Let a(f) = -5438*f - 27184. Calculate a(-5).
6
Let m(a) = -2*a**2 + 832*a + 6778. What is m(-8)?
-6
Let k(z) = 325*z - 1582. What is k(5)?
43
Let n(x) = -8*x**2 - 26*x + 24. What is n(1)?
-10
Let p(q) = -152*q + 4. Give p(-1).
156
Let v(f) = 3*f**2 - 9*f + 61. What is v(4)?
73
Let x(z) = -90*z + 4860. Determine x(54).
0
Let m(g) = 8*g - 43. What is m(7)?
13
Let k(p) = 2*p**3 + 285*p**2 + 1769*p + 149. Give k(-136).
13
Let s(t) = 13*t**3 + 18*t**2 + 2*t + 2. Give s(-2).
-34
Let k(f) = -87*f**2 + 467*f + 1407. What is k(-3)?
-777
Let i(j) = -59*j + 133. Give i(-4).
369
Let c(z) = 97*z + 16. Give c(-3).
-275
Let n(r) = -2*r**2 - 54*r - 67. What is n(-22)?
153
Let n(w) = -w**2 - 148*w + 4926. What is n(28)?
-2
Let w(h) = h**2 + 51*h + 179. Determine w(-47).
-9
Let m(v) = 2*v**2 - 335*v - 1199. Determine m(171).
-2
Let x(h) = 5*h**2 + 3*h + 8. Give x(7).
274
Let c(g) = -2*g**3 + 33*g**2 + 32*g - 56. Determine c(17).
199
Let x(o) = -o**2 - 36*o + 19. Calculate x(-15).
334
Let t(c) = -4*c**2 + 58*c - 121. Determine t(12).
-1
Let t(d) = 2*d**3 - 7*d**2 - 45*d + 222. Determine t(4).
58
Let g(w) = -w**3 + 18*w**2 + 44*w + 58. Give g(20).
138
Let z(w) = 642*w - 5728. Give z(9).
50
Let t(a) = -2*a**2 + 278*a + 30384. What is t(-72)?
0
Let y(l) = l**3 - 3*l**2 - 35*l + 24. Give y(7).
-25
Let r(n) = 2*n**2 + 9*n - 20. Give r(-6).
-2
Let v(a) = 2*a**2 + 12*a + 90. Give v(-10).
170
Let d(h) = -137*h + 1251. Give d(9).
18
Let a(f) = f**3 + 14*f**2 - 13*f + 7. Give a(-7).
441
Let k(b) =